{"id":642,"date":"2022-11-02T14:10:21","date_gmt":"2022-11-02T17:10:21","guid":{"rendered":"https:\/\/homolog.hous360.com.br\/frases-de-livro-site\/?post_type=frase&#038;p=642"},"modified":"2022-11-13T17:34:06","modified_gmt":"2022-11-13T20:34:06","slug":"como-dominio-de-habiliades-especificas-e-de-formas-particulares-de-conhecimento-a-alfabetizacao-devia-tornar-se-uma-precondicao-da-emancipacao-social-e-cultural","status":"publish","type":"frase","link":"https:\/\/homolog.hous360.com.br\/frases-de-livro-site\/frase\/como-dominio-de-habiliades-especificas-e-de-formas-particulares-de-conhecimento-a-alfabetizacao-devia-tornar-se-uma-precondicao-da-emancipacao-social-e-cultural\/","title":{"rendered":"&#8220;[&#8230;] a alfabetiza\u00e7\u00e3o devia tornar-se uma precondi\u00e7\u00e3o da emancipa\u00e7\u00e3o social e cultural.&#8221;"},"content":{"rendered":"","protected":false},"featured_media":2489,"comment_status":"open","ping_status":"closed","template":"","tags":[954,150,956,955,958,957],"temas":[7],"genero":[17],"estilo":[33],"livro_referencia":[1058],"yoast_head":"<!-- This site is optimized with the Yoast SEO plugin v19.8 - https:\/\/yoast.com\/wordpress\/plugins\/seo\/ -->\n<title>&quot;[...] a alfabetiza\u00e7\u00e3o devia tornar-se uma precondi\u00e7\u00e3o da emancipa\u00e7\u00e3o social e cultural.&quot; - Frases de Livro<\/title>\n<meta name=\"robots\" content=\"index, follow, max-snippet:-1, max-image-preview:large, max-video-preview:-1\" \/>\n<link rel=\"canonical\" href=\"https:\/\/homolog.hous360.com.br\/frases-de-livro-site\/frase\/como-dominio-de-habiliades-especificas-e-de-formas-particulares-de-conhecimento-a-alfabetizacao-devia-tornar-se-uma-precondicao-da-emancipacao-social-e-cultural\/\" \/>\n<meta property=\"og:locale\" content=\"pt_BR\" \/>\n<meta property=\"og:type\" content=\"article\" \/>\n<meta property=\"og:title\" content=\"&quot;[...] a alfabetiza\u00e7\u00e3o devia tornar-se uma precondi\u00e7\u00e3o da emancipa\u00e7\u00e3o social e cultural.&quot; - Frases de Livro\" \/>\n<meta property=\"og:url\" content=\"https:\/\/homolog.hous360.com.br\/frases-de-livro-site\/frase\/como-dominio-de-habiliades-especificas-e-de-formas-particulares-de-conhecimento-a-alfabetizacao-devia-tornar-se-uma-precondicao-da-emancipacao-social-e-cultural\/\" \/>\n<meta property=\"og:site_name\" content=\"Frases de Livro\" \/>\n<meta property=\"article:modified_time\" content=\"2022-11-13T20:34:06+00:00\" \/>\n<meta property=\"og:image\" content=\"https:\/\/homolog.hous360.com.br\/frases-de-livro-site\/wp-content\/uploads\/2022\/11\/642_alfabetizacao_p36.jpg\" \/>\n\t<meta property=\"og:image:width\" content=\"1194\" \/>\n\t<meta property=\"og:image:height\" content=\"622\" \/>\n\t<meta property=\"og:image:type\" content=\"image\/jpeg\" \/>\n<meta name=\"twitter:card\" content=\"summary_large_image\" \/>\n<script type=\"application\/ld+json\" class=\"yoast-schema-graph\">{\"@context\":\"https:\/\/schema.org\",\"@graph\":[{\"@type\":\"WebPage\",\"@id\":\"https:\/\/homolog.hous360.com.br\/frases-de-livro-site\/frase\/como-dominio-de-habiliades-especificas-e-de-formas-particulares-de-conhecimento-a-alfabetizacao-devia-tornar-se-uma-precondicao-da-emancipacao-social-e-cultural\/\",\"url\":\"https:\/\/homolog.hous360.com.br\/frases-de-livro-site\/frase\/como-dominio-de-habiliades-especificas-e-de-formas-particulares-de-conhecimento-a-alfabetizacao-devia-tornar-se-uma-precondicao-da-emancipacao-social-e-cultural\/\",\"name\":\"\\\"[...] a alfabetiza\u00e7\u00e3o devia tornar-se uma precondi\u00e7\u00e3o da emancipa\u00e7\u00e3o social e cultural.\\\" - Frases de Livro\",\"isPartOf\":{\"@id\":\"https:\/\/homolog.hous360.com.br\/frases-de-livro-site\/#website\"},\"datePublished\":\"2022-11-02T17:10:21+00:00\",\"dateModified\":\"2022-11-13T20:34:06+00:00\",\"breadcrumb\":{\"@id\":\"https:\/\/homolog.hous360.com.br\/frases-de-livro-site\/frase\/como-dominio-de-habiliades-especificas-e-de-formas-particulares-de-conhecimento-a-alfabetizacao-devia-tornar-se-uma-precondicao-da-emancipacao-social-e-cultural\/#breadcrumb\"},\"inLanguage\":\"pt-BR\",\"potentialAction\":[{\"@type\":\"ReadAction\",\"target\":[\"https:\/\/homolog.hous360.com.br\/frases-de-livro-site\/frase\/como-dominio-de-habiliades-especificas-e-de-formas-particulares-de-conhecimento-a-alfabetizacao-devia-tornar-se-uma-precondicao-da-emancipacao-social-e-cultural\/\"]}]},{\"@type\":\"BreadcrumbList\",\"@id\":\"https:\/\/homolog.hous360.com.br\/frases-de-livro-site\/frase\/como-dominio-de-habiliades-especificas-e-de-formas-particulares-de-conhecimento-a-alfabetizacao-devia-tornar-se-uma-precondicao-da-emancipacao-social-e-cultural\/#breadcrumb\",\"itemListElement\":[{\"@type\":\"ListItem\",\"position\":1,\"name\":\"In\u00edcio\",\"item\":\"https:\/\/homolog.hous360.com.br\/frases-de-livro-site\/\"},{\"@type\":\"ListItem\",\"position\":2,\"name\":\"&#8220;[&#8230;] a alfabetiza\u00e7\u00e3o devia tornar-se uma precondi\u00e7\u00e3o da emancipa\u00e7\u00e3o social e cultural.&#8221;\"}]},{\"@type\":\"WebSite\",\"@id\":\"https:\/\/homolog.hous360.com.br\/frases-de-livro-site\/#website\",\"url\":\"https:\/\/homolog.hous360.com.br\/frases-de-livro-site\/\",\"name\":\"Frases de Livro\",\"description\":\"S\u00f3 mais um site WordPress\",\"publisher\":{\"@id\":\"https:\/\/homolog.hous360.com.br\/frases-de-livro-site\/#organization\"},\"potentialAction\":[{\"@type\":\"SearchAction\",\"target\":{\"@type\":\"EntryPoint\",\"urlTemplate\":\"https:\/\/homolog.hous360.com.br\/frases-de-livro-site\/?s={search_term_string}\"},\"query-input\":\"required name=search_term_string\"}],\"inLanguage\":\"pt-BR\"},{\"@type\":\"Organization\",\"@id\":\"https:\/\/homolog.hous360.com.br\/frases-de-livro-site\/#organization\",\"name\":\"Frases de Livro\",\"url\":\"https:\/\/homolog.hous360.com.br\/frases-de-livro-site\/\",\"sameAs\":[],\"logo\":{\"@type\":\"ImageObject\",\"inLanguage\":\"pt-BR\",\"@id\":\"https:\/\/homolog.hous360.com.br\/frases-de-livro-site\/#\/schema\/logo\/image\/\",\"url\":\"https:\/\/homolog.hous360.com.br\/frases-de-livro-site\/wp-content\/uploads\/2022\/10\/logo.png\",\"contentUrl\":\"https:\/\/homolog.hous360.com.br\/frases-de-livro-site\/wp-content\/uploads\/2022\/10\/logo.png\",\"width\":516,\"height\":375,\"caption\":\"Frases de Livro\"},\"image\":{\"@id\":\"https:\/\/homolog.hous360.com.br\/frases-de-livro-site\/#\/schema\/logo\/image\/\"}}]}<\/script>\n<!-- \/ Yoast SEO plugin. -->","yoast_head_json":{"title":"\"[...] a alfabetiza\u00e7\u00e3o devia tornar-se uma precondi\u00e7\u00e3o da emancipa\u00e7\u00e3o social e cultural.\" - Frases de Livro","robots":{"index":"index","follow":"follow","max-snippet":"max-snippet:-1","max-image-preview":"max-image-preview:large","max-video-preview":"max-video-preview:-1"},"canonical":"https:\/\/homolog.hous360.com.br\/frases-de-livro-site\/frase\/como-dominio-de-habiliades-especificas-e-de-formas-particulares-de-conhecimento-a-alfabetizacao-devia-tornar-se-uma-precondicao-da-emancipacao-social-e-cultural\/","og_locale":"pt_BR","og_type":"article","og_title":"\"[...] a alfabetiza\u00e7\u00e3o devia tornar-se uma precondi\u00e7\u00e3o da emancipa\u00e7\u00e3o social e cultural.\" - Frases de Livro","og_url":"https:\/\/homolog.hous360.com.br\/frases-de-livro-site\/frase\/como-dominio-de-habiliades-especificas-e-de-formas-particulares-de-conhecimento-a-alfabetizacao-devia-tornar-se-uma-precondicao-da-emancipacao-social-e-cultural\/","og_site_name":"Frases de Livro","article_modified_time":"2022-11-13T20:34:06+00:00","og_image":[{"width":1194,"height":622,"url":"https:\/\/homolog.hous360.com.br\/frases-de-livro-site\/wp-content\/uploads\/2022\/11\/642_alfabetizacao_p36.jpg","type":"image\/jpeg"}],"twitter_card":"summary_large_image","schema":{"@context":"https:\/\/schema.org","@graph":[{"@type":"WebPage","@id":"https:\/\/homolog.hous360.com.br\/frases-de-livro-site\/frase\/como-dominio-de-habiliades-especificas-e-de-formas-particulares-de-conhecimento-a-alfabetizacao-devia-tornar-se-uma-precondicao-da-emancipacao-social-e-cultural\/","url":"https:\/\/homolog.hous360.com.br\/frases-de-livro-site\/frase\/como-dominio-de-habiliades-especificas-e-de-formas-particulares-de-conhecimento-a-alfabetizacao-devia-tornar-se-uma-precondicao-da-emancipacao-social-e-cultural\/","name":"\"[...] a alfabetiza\u00e7\u00e3o devia tornar-se uma precondi\u00e7\u00e3o da emancipa\u00e7\u00e3o social e cultural.\" - Frases de Livro","isPartOf":{"@id":"https:\/\/homolog.hous360.com.br\/frases-de-livro-site\/#website"},"datePublished":"2022-11-02T17:10:21+00:00","dateModified":"2022-11-13T20:34:06+00:00","breadcrumb":{"@id":"https:\/\/homolog.hous360.com.br\/frases-de-livro-site\/frase\/como-dominio-de-habiliades-especificas-e-de-formas-particulares-de-conhecimento-a-alfabetizacao-devia-tornar-se-uma-precondicao-da-emancipacao-social-e-cultural\/#breadcrumb"},"inLanguage":"pt-BR","potentialAction":[{"@type":"ReadAction","target":["https:\/\/homolog.hous360.com.br\/frases-de-livro-site\/frase\/como-dominio-de-habiliades-especificas-e-de-formas-particulares-de-conhecimento-a-alfabetizacao-devia-tornar-se-uma-precondicao-da-emancipacao-social-e-cultural\/"]}]},{"@type":"BreadcrumbList","@id":"https:\/\/homolog.hous360.com.br\/frases-de-livro-site\/frase\/como-dominio-de-habiliades-especificas-e-de-formas-particulares-de-conhecimento-a-alfabetizacao-devia-tornar-se-uma-precondicao-da-emancipacao-social-e-cultural\/#breadcrumb","itemListElement":[{"@type":"ListItem","position":1,"name":"In\u00edcio","item":"https:\/\/homolog.hous360.com.br\/frases-de-livro-site\/"},{"@type":"ListItem","position":2,"name":"&#8220;[&#8230;] a alfabetiza\u00e7\u00e3o devia tornar-se uma precondi\u00e7\u00e3o da emancipa\u00e7\u00e3o social e cultural.&#8221;"}]},{"@type":"WebSite","@id":"https:\/\/homolog.hous360.com.br\/frases-de-livro-site\/#website","url":"https:\/\/homolog.hous360.com.br\/frases-de-livro-site\/","name":"Frases de Livro","description":"S\u00f3 mais um site WordPress","publisher":{"@id":"https:\/\/homolog.hous360.com.br\/frases-de-livro-site\/#organization"},"potentialAction":[{"@type":"SearchAction","target":{"@type":"EntryPoint","urlTemplate":"https:\/\/homolog.hous360.com.br\/frases-de-livro-site\/?s={search_term_string}"},"query-input":"required name=search_term_string"}],"inLanguage":"pt-BR"},{"@type":"Organization","@id":"https:\/\/homolog.hous360.com.br\/frases-de-livro-site\/#organization","name":"Frases de Livro","url":"https:\/\/homolog.hous360.com.br\/frases-de-livro-site\/","sameAs":[],"logo":{"@type":"ImageObject","inLanguage":"pt-BR","@id":"https:\/\/homolog.hous360.com.br\/frases-de-livro-site\/#\/schema\/logo\/image\/","url":"https:\/\/homolog.hous360.com.br\/frases-de-livro-site\/wp-content\/uploads\/2022\/10\/logo.png","contentUrl":"https:\/\/homolog.hous360.com.br\/frases-de-livro-site\/wp-content\/uploads\/2022\/10\/logo.png","width":516,"height":375,"caption":"Frases de Livro"},"image":{"@id":"https:\/\/homolog.hous360.com.br\/frases-de-livro-site\/#\/schema\/logo\/image\/"}}]}},"_links":{"self":[{"href":"https:\/\/homolog.hous360.com.br\/frases-de-livro-site\/wp-json\/wp\/v2\/frase\/642"}],"collection":[{"href":"https:\/\/homolog.hous360.com.br\/frases-de-livro-site\/wp-json\/wp\/v2\/frase"}],"about":[{"href":"https:\/\/homolog.hous360.com.br\/frases-de-livro-site\/wp-json\/wp\/v2\/types\/frase"}],"replies":[{"embeddable":true,"href":"https:\/\/homolog.hous360.com.br\/frases-de-livro-site\/wp-json\/wp\/v2\/comments?post=642"}],"wp:featuredmedia":[{"embeddable":true,"href":"https:\/\/homolog.hous360.com.br\/frases-de-livro-site\/wp-json\/wp\/v2\/media\/2489"}],"wp:attachment":[{"href":"https:\/\/homolog.hous360.com.br\/frases-de-livro-site\/wp-json\/wp\/v2\/media?parent=642"}],"wp:term":[{"taxonomy":"post_tag","embeddable":true,"href":"https:\/\/homolog.hous360.com.br\/frases-de-livro-site\/wp-json\/wp\/v2\/tags?post=642"},{"taxonomy":"temas","embeddable":true,"href":"https:\/\/homolog.hous360.com.br\/frases-de-livro-site\/wp-json\/wp\/v2\/temas?post=642"},{"taxonomy":"genero","embeddable":true,"href":"https:\/\/homolog.hous360.com.br\/frases-de-livro-site\/wp-json\/wp\/v2\/genero?post=642"},{"taxonomy":"estilo","embeddable":true,"href":"https:\/\/homolog.hous360.com.br\/frases-de-livro-site\/wp-json\/wp\/v2\/estilo?post=642"},{"taxonomy":"livro_referencia","embeddable":true,"href":"https:\/\/homolog.hous360.com.br\/frases-de-livro-site\/wp-json\/wp\/v2\/livro_referencia?post=642"}],"curies":[{"name":"wp","href":"https:\/\/api.w.org\/{rel}","templated":true}]}}

&#8220;[&#8230;] a alfabetização devia tornar-se uma precondição da emancipação social e cultural.&#8221;

<!-- This site is optimized with the Yoast SEO plugin v19.8 - https://yoast.com/wordpress/plugins/seo/ -->
<title>&quot;[...] a alfabetização devia tornar-se uma precondição da emancipação social e cultural.&quot; - Frases de Livro</title>
<meta name="robots" content="index, follow, max-snippet:-1, max-image-preview:large, max-video-preview:-1" />
<link rel="canonical" href="https://homolog.hous360.com.br/frases-de-livro-site/frase/como-dominio-de-habiliades-especificas-e-de-formas-particulares-de-conhecimento-a-alfabetizacao-devia-tornar-se-uma-precondicao-da-emancipacao-social-e-cultural/" />
<meta property="og:locale" content="pt_BR" />
<meta property="og:type" content="article" />
<meta property="og:title" content="&quot;[...] a alfabetização devia tornar-se uma precondição da emancipação social e cultural.&quot; - Frases de Livro" />
<meta property="og:url" content="https://homolog.hous360.com.br/frases-de-livro-site/frase/como-dominio-de-habiliades-especificas-e-de-formas-particulares-de-conhecimento-a-alfabetizacao-devia-tornar-se-uma-precondicao-da-emancipacao-social-e-cultural/" />
<meta property="og:site_name" content="Frases de Livro" />
<meta property="article:modified_time" content="2022-11-13T20:34:06+00:00" />
<meta property="og:image" content="https://homolog.hous360.com.br/frases-de-livro-site/wp-content/uploads/2022/11/642_alfabetizacao_p36.jpg" />
	<meta property="og:image:width" content="1194" />
	<meta property="og:image:height" content="622" />
	<meta property="og:image:type" content="image/jpeg" />
<meta name="twitter:card" content="summary_large_image" />
<script type="application/ld+json" class="yoast-schema-graph">{"@context":"https://schema.org","@graph":[{"@type":"WebPage","@id":"https://homolog.hous360.com.br/frases-de-livro-site/frase/como-dominio-de-habiliades-especificas-e-de-formas-particulares-de-conhecimento-a-alfabetizacao-devia-tornar-se-uma-precondicao-da-emancipacao-social-e-cultural/","url":"https://homolog.hous360.com.br/frases-de-livro-site/frase/como-dominio-de-habiliades-especificas-e-de-formas-particulares-de-conhecimento-a-alfabetizacao-devia-tornar-se-uma-precondicao-da-emancipacao-social-e-cultural/","name":"\"[...] a alfabetização devia tornar-se uma precondição da emancipação social e cultural.\" - Frases de Livro","isPartOf":{"@id":"https://homolog.hous360.com.br/frases-de-livro-site/#website"},"datePublished":"2022-11-02T17:10:21+00:00","dateModified":"2022-11-13T20:34:06+00:00","breadcrumb":{"@id":"https://homolog.hous360.com.br/frases-de-livro-site/frase/como-dominio-de-habiliades-especificas-e-de-formas-particulares-de-conhecimento-a-alfabetizacao-devia-tornar-se-uma-precondicao-da-emancipacao-social-e-cultural/#breadcrumb"},"inLanguage":"pt-BR","potentialAction":[{"@type":"ReadAction","target":["https://homolog.hous360.com.br/frases-de-livro-site/frase/como-dominio-de-habiliades-especificas-e-de-formas-particulares-de-conhecimento-a-alfabetizacao-devia-tornar-se-uma-precondicao-da-emancipacao-social-e-cultural/"]}]},{"@type":"BreadcrumbList","@id":"https://homolog.hous360.com.br/frases-de-livro-site/frase/como-dominio-de-habiliades-especificas-e-de-formas-particulares-de-conhecimento-a-alfabetizacao-devia-tornar-se-uma-precondicao-da-emancipacao-social-e-cultural/#breadcrumb","itemListElement":[{"@type":"ListItem","position":1,"name":"Início","item":"https://homolog.hous360.com.br/frases-de-livro-site/"},{"@type":"ListItem","position":2,"name":"&#8220;[&#8230;] a alfabetização devia tornar-se uma precondição da emancipação social e cultural.&#8221;"}]},{"@type":"WebSite","@id":"https://homolog.hous360.com.br/frases-de-livro-site/#website","url":"https://homolog.hous360.com.br/frases-de-livro-site/","name":"Frases de Livro","description":"Só mais um site WordPress","publisher":{"@id":"https://homolog.hous360.com.br/frases-de-livro-site/#organization"},"potentialAction":[{"@type":"SearchAction","target":{"@type":"EntryPoint","urlTemplate":"https://homolog.hous360.com.br/frases-de-livro-site/?s={search_term_string}"},"query-input":"required name=search_term_string"}],"inLanguage":"pt-BR"},{"@type":"Organization","@id":"https://homolog.hous360.com.br/frases-de-livro-site/#organization","name":"Frases de Livro","url":"https://homolog.hous360.com.br/frases-de-livro-site/","sameAs":[],"logo":{"@type":"ImageObject","inLanguage":"pt-BR","@id":"https://homolog.hous360.com.br/frases-de-livro-site/#/schema/logo/image/","url":"https://homolog.hous360.com.br/frases-de-livro-site/wp-content/uploads/2022/10/logo.png","contentUrl":"https://homolog.hous360.com.br/frases-de-livro-site/wp-content/uploads/2022/10/logo.png","width":516,"height":375,"caption":"Frases de Livro"},"image":{"@id":"https://homolog.hous360.com.br/frases-de-livro-site/#/schema/logo/image/"}}]}</script>
<!-- / Yoast SEO plugin. -->

"[...] a alfabetização devia tornar-se uma precondição da emancipação social e cultural." - Frases de Livro

Início

Só mais um site WordPress
